{"id":282,"date":"2026-02-14T14:04:24","date_gmt":"2026-02-14T14:04:24","guid":{"rendered":"https:\/\/krocketbornholm.dk\/?page_id=282"},"modified":"2026-02-14T16:01:59","modified_gmt":"2026-02-14T16:01:59","slug":"oestmesterskab-for-par-6-juni-2026","status":"publish","type":"page","link":"https:\/\/krocketbornholm.dk\/index.php\/oestmesterskab-for-par-6-juni-2026\/","title":{"rendered":"\u00d8stmesterskab for par 6. juni 2026"},"content":{"rendered":"\n<pre class=\"wp-block-preformatted has-body-font-family has-medium-font-size\" style=\"padding-top:var(--wp--preset--spacing--10);padding-right:0;padding-bottom:var(--wp--preset--spacing--10);padding-left:0\">Deltagergebyr 90 kr.  <br>Ledsagere 60 kr.<br>Der kan tilmeldes i M - A - B j\u00e6vnf\u00f8r seedningsliste <br>til DGI Bornholm senest 11. maj p\u00e5 <br><br><a href=\"https:\/\/www.dgi.dk\/arrangementer\/202625714010\">https:\/\/www.dgi.dk\/arrangementer\/202625714010<\/a><br><br>Mangler du en makker <strong><a href=\"https:\/\/krocketbornholm.dk\/index.php\/jeg-savner-en-makker\/\" type=\"page\" id=\"287\">Klik her<\/a><\/strong><br><br>I prisen er inkl. morgenkaffe og ostemad og eftermiddagskaffe med kage.<br><br>Frokostpakke kan tilk\u00f8bes (60 kr. for 2 stk. sm\u00f8rrebr\u00f8d), som forudbestilles. <br>\u00d8l og vand kan k\u00f8bes.<br><br><strong>Program<\/strong><br>09:00\tIndskrivning &amp; morgenmad<br>10:00\tKampene starter<br>12:00\tFrokost<br>13:00\tKampene forts\u00e6tter<br>15:00\tKaffe med kage<br>16:00 \tPr\u00e6mieoverr\u00e6kkelse<br>18:00 \tFestmiddag i Klubhuset<br>\t        \u00d8l, vand og vin kan k\u00f8bes.<br>                Prisen for festmiddag<br>                275,00 kr. <br>                Tilmelding via <strong>DGI<\/strong><br><\/pre>\n","protected":false},"excerpt":{"rendered":"<p>Deltagergebyr 90 kr. Ledsagere 60 kr.Der kan tilmeldes i M &#8211; A &#8211; B j\u00e6vnf\u00f8r seedningsliste til DGI Bornholm senest 11. maj p\u00e5 https:\/\/www.dgi.dk\/arrangementer\/202625714010Mangler du en makker Klik herI prisen [&hellip;]<\/p>\n","protected":false},"author":1,"featured_media":0,"parent":0,"menu_order":0,"comment_status":"closed","ping_status":"closed","template":"","meta":{"_EventAllDay":false,"_EventTimezone":"","_EventStartDate":"","_EventEndDate":"","_EventStartDateUTC":"","_EventEndDateUTC":"","_EventShowMap":false,"_EventShowMapLink":false,"_EventURL":"","_EventCost":"","_EventCostDescription":"","_EventCurrencySymbol":"","_EventCurrencyCode":"","_EventCurrencyPosition":"","_EventDateTimeSeparator":"","_EventTimeRangeSeparator":"","_EventOrganizerID":[],"_EventVenueID":[],"_OrganizerEmail":"","_OrganizerPhone":"","_OrganizerWebsite":"","_VenueAddress":"","_VenueCity":"","_VenueCountry":"","_VenueProvince":"","_VenueState":"","_VenueZip":"","_VenuePhone":"","_VenueURL":"","_VenueStateProvince":"","_VenueLat":"","_VenueLng":"","_VenueShowMap":false,"_VenueShowMapLink":false,"footnotes":""},"class_list":["post-282","page","type-page","status-publish","hentry"],"yoast_head":"<!-- This site is optimized with the Yoast SEO plugin v27.4 - https:\/\/yoast.com\/product\/yoast-seo-wordpress\/ -->\n<title>\u00d8stmesterskab for par 6. juni 2026 - Krocket Bornholm<\/title>\n<meta name=\"robots\" content=\"index, follow, max-snippet:-1, max-image-preview:large, max-video-preview:-1\" \/>\n<link rel=\"canonical\" href=\"https:\/\/krocketbornholm.dk\/index.php\/oestmesterskab-for-par-6-juni-2026\/\" \/>\n<meta property=\"og:locale\" content=\"da_DK\" \/>\n<meta property=\"og:type\" content=\"article\" \/>\n<meta property=\"og:title\" content=\"\u00d8stmesterskab for par 6. juni 2026 - Krocket Bornholm\" \/>\n<meta property=\"og:description\" content=\"Deltagergebyr 90 kr. Ledsagere 60 kr.Der kan tilmeldes i M - A - B j\u00e6vnf\u00f8r seedningsliste til DGI Bornholm senest 11. maj p\u00e5 https:\/\/www.dgi.dk\/arrangementer\/202625714010Mangler du en makker Klik herI prisen [&hellip;]\" \/>\n<meta property=\"og:url\" content=\"https:\/\/krocketbornholm.dk\/index.php\/oestmesterskab-for-par-6-juni-2026\/\" \/>\n<meta property=\"og:site_name\" content=\"Krocket Bornholm\" \/>\n<meta property=\"article:modified_time\" content=\"2026-02-14T16:01:59+00:00\" \/>\n<meta name=\"twitter:card\" content=\"summary_large_image\" \/>\n<script type=\"application\/ld+json\" class=\"yoast-schema-graph\">{\"@context\":\"https:\\\/\\\/schema.org\",\"@graph\":[{\"@type\":\"WebPage\",\"@id\":\"https:\\\/\\\/krocketbornholm.dk\\\/index.php\\\/oestmesterskab-for-par-6-juni-2026\\\/\",\"url\":\"https:\\\/\\\/krocketbornholm.dk\\\/index.php\\\/oestmesterskab-for-par-6-juni-2026\\\/\",\"name\":\"\u00d8stmesterskab for par 6. juni 2026 - Krocket Bornholm\",\"isPartOf\":{\"@id\":\"https:\\\/\\\/krocketbornholm.dk\\\/#website\"},\"datePublished\":\"2026-02-14T14:04:24+00:00\",\"dateModified\":\"2026-02-14T16:01:59+00:00\",\"breadcrumb\":{\"@id\":\"https:\\\/\\\/krocketbornholm.dk\\\/index.php\\\/oestmesterskab-for-par-6-juni-2026\\\/#breadcrumb\"},\"inLanguage\":\"da-DK\",\"potentialAction\":[{\"@type\":\"ReadAction\",\"target\":[\"https:\\\/\\\/krocketbornholm.dk\\\/index.php\\\/oestmesterskab-for-par-6-juni-2026\\\/\"]}]},{\"@type\":\"BreadcrumbList\",\"@id\":\"https:\\\/\\\/krocketbornholm.dk\\\/index.php\\\/oestmesterskab-for-par-6-juni-2026\\\/#breadcrumb\",\"itemListElement\":[{\"@type\":\"ListItem\",\"position\":1,\"name\":\"Hjem\",\"item\":\"https:\\\/\\\/krocketbornholm.dk\\\/\"},{\"@type\":\"ListItem\",\"position\":2,\"name\":\"\u00d8stmesterskab for par 6. juni 2026\"}]},{\"@type\":\"WebSite\",\"@id\":\"https:\\\/\\\/krocketbornholm.dk\\\/#website\",\"url\":\"https:\\\/\\\/krocketbornholm.dk\\\/\",\"name\":\"Krocket Bornholm\",\"description\":\"\",\"publisher\":{\"@id\":\"https:\\\/\\\/krocketbornholm.dk\\\/#organization\"},\"potentialAction\":[{\"@type\":\"SearchAction\",\"target\":{\"@type\":\"EntryPoint\",\"urlTemplate\":\"https:\\\/\\\/krocketbornholm.dk\\\/?s={search_term_string}\"},\"query-input\":{\"@type\":\"PropertyValueSpecification\",\"valueRequired\":true,\"valueName\":\"search_term_string\"}}],\"inLanguage\":\"da-DK\"},{\"@type\":\"Organization\",\"@id\":\"https:\\\/\\\/krocketbornholm.dk\\\/#organization\",\"name\":\"Krocket Bornholm\",\"url\":\"https:\\\/\\\/krocketbornholm.dk\\\/\",\"logo\":{\"@type\":\"ImageObject\",\"inLanguage\":\"da-DK\",\"@id\":\"https:\\\/\\\/krocketbornholm.dk\\\/#\\\/schema\\\/logo\\\/image\\\/\",\"url\":\"https:\\\/\\\/krocketbornholm.dk\\\/wp-content\\\/uploads\\\/2024\\\/08\\\/Kort_over_Bornholm-2.jpg\",\"contentUrl\":\"https:\\\/\\\/krocketbornholm.dk\\\/wp-content\\\/uploads\\\/2024\\\/08\\\/Kort_over_Bornholm-2.jpg\",\"width\":1232,\"height\":1272,\"caption\":\"Krocket Bornholm\"},\"image\":{\"@id\":\"https:\\\/\\\/krocketbornholm.dk\\\/#\\\/schema\\\/logo\\\/image\\\/\"}}]}<\/script>\n<!-- \/ Yoast SEO plugin. -->","yoast_head_json":{"title":"\u00d8stmesterskab for par 6. juni 2026 - Krocket Bornholm","robots":{"index":"index","follow":"follow","max-snippet":"max-snippet:-1","max-image-preview":"max-image-preview:large","max-video-preview":"max-video-preview:-1"},"canonical":"https:\/\/krocketbornholm.dk\/index.php\/oestmesterskab-for-par-6-juni-2026\/","og_locale":"da_DK","og_type":"article","og_title":"\u00d8stmesterskab for par 6. juni 2026 - Krocket Bornholm","og_description":"Deltagergebyr 90 kr. Ledsagere 60 kr.Der kan tilmeldes i M - A - B j\u00e6vnf\u00f8r seedningsliste til DGI Bornholm senest 11. maj p\u00e5 https:\/\/www.dgi.dk\/arrangementer\/202625714010Mangler du en makker Klik herI prisen [&hellip;]","og_url":"https:\/\/krocketbornholm.dk\/index.php\/oestmesterskab-for-par-6-juni-2026\/","og_site_name":"Krocket Bornholm","article_modified_time":"2026-02-14T16:01:59+00:00","twitter_card":"summary_large_image","schema":{"@context":"https:\/\/schema.org","@graph":[{"@type":"WebPage","@id":"https:\/\/krocketbornholm.dk\/index.php\/oestmesterskab-for-par-6-juni-2026\/","url":"https:\/\/krocketbornholm.dk\/index.php\/oestmesterskab-for-par-6-juni-2026\/","name":"\u00d8stmesterskab for par 6. juni 2026 - Krocket Bornholm","isPartOf":{"@id":"https:\/\/krocketbornholm.dk\/#website"},"datePublished":"2026-02-14T14:04:24+00:00","dateModified":"2026-02-14T16:01:59+00:00","breadcrumb":{"@id":"https:\/\/krocketbornholm.dk\/index.php\/oestmesterskab-for-par-6-juni-2026\/#breadcrumb"},"inLanguage":"da-DK","potentialAction":[{"@type":"ReadAction","target":["https:\/\/krocketbornholm.dk\/index.php\/oestmesterskab-for-par-6-juni-2026\/"]}]},{"@type":"BreadcrumbList","@id":"https:\/\/krocketbornholm.dk\/index.php\/oestmesterskab-for-par-6-juni-2026\/#breadcrumb","itemListElement":[{"@type":"ListItem","position":1,"name":"Hjem","item":"https:\/\/krocketbornholm.dk\/"},{"@type":"ListItem","position":2,"name":"\u00d8stmesterskab for par 6. juni 2026"}]},{"@type":"WebSite","@id":"https:\/\/krocketbornholm.dk\/#website","url":"https:\/\/krocketbornholm.dk\/","name":"Krocket Bornholm","description":"","publisher":{"@id":"https:\/\/krocketbornholm.dk\/#organization"},"potentialAction":[{"@type":"SearchAction","target":{"@type":"EntryPoint","urlTemplate":"https:\/\/krocketbornholm.dk\/?s={search_term_string}"},"query-input":{"@type":"PropertyValueSpecification","valueRequired":true,"valueName":"search_term_string"}}],"inLanguage":"da-DK"},{"@type":"Organization","@id":"https:\/\/krocketbornholm.dk\/#organization","name":"Krocket Bornholm","url":"https:\/\/krocketbornholm.dk\/","logo":{"@type":"ImageObject","inLanguage":"da-DK","@id":"https:\/\/krocketbornholm.dk\/#\/schema\/logo\/image\/","url":"https:\/\/krocketbornholm.dk\/wp-content\/uploads\/2024\/08\/Kort_over_Bornholm-2.jpg","contentUrl":"https:\/\/krocketbornholm.dk\/wp-content\/uploads\/2024\/08\/Kort_over_Bornholm-2.jpg","width":1232,"height":1272,"caption":"Krocket Bornholm"},"image":{"@id":"https:\/\/krocketbornholm.dk\/#\/schema\/logo\/image\/"}}]}},"_links":{"self":[{"href":"https:\/\/krocketbornholm.dk\/index.php\/wp-json\/wp\/v2\/pages\/282","targetHints":{"allow":["GET"]}}],"collection":[{"href":"https:\/\/krocketbornholm.dk\/index.php\/wp-json\/wp\/v2\/pages"}],"about":[{"href":"https:\/\/krocketbornholm.dk\/index.php\/wp-json\/wp\/v2\/types\/page"}],"author":[{"embeddable":true,"href":"https:\/\/krocketbornholm.dk\/index.php\/wp-json\/wp\/v2\/users\/1"}],"replies":[{"embeddable":true,"href":"https:\/\/krocketbornholm.dk\/index.php\/wp-json\/wp\/v2\/comments?post=282"}],"version-history":[{"count":4,"href":"https:\/\/krocketbornholm.dk\/index.php\/wp-json\/wp\/v2\/pages\/282\/revisions"}],"predecessor-version":[{"id":294,"href":"https:\/\/krocketbornholm.dk\/index.php\/wp-json\/wp\/v2\/pages\/282\/revisions\/294"}],"wp:attachment":[{"href":"https:\/\/krocketbornholm.dk\/index.php\/wp-json\/wp\/v2\/media?parent=282"}],"curies":[{"name":"wp","href":"https:\/\/api.w.org\/{rel}","templated":true}]}}